What is the highest common factor of 5621 and 12165307?
77
What is the greatest common divisor of 344 and 23725852?
172
Calculate the greatest common divisor of 1578577 and 2739.
913
What is the greatest common divisor of 19778266 and 14330?
2866
Calculate the greatest common factor of 1925096 and 29128.
2648
Calculate the greatest common divisor of 15504 and 4143957.
57
Calculate the greatest common factor of 223417837 and 1081.
1081
Calculate the greatest common divisor of 7506 and 2023925346.
7506
What is the greatest common factor of 18125 and 15740475?
725
Calculate the highest common divisor of 13776 and 47698539.
861
What is the highest common divisor of 30311640 and 10440?
360
Calculate the greatest common divisor of 43443 and 73845.
27
Calculate the highest common divisor of 1372 and 340382.
14
What is the greatest common factor of 11295 and 455985?
45
Calculate the greatest common factor of 325065 and 48343.
1667
Calculate the highest common factor of 10378415 and 5933.
17
What is the greatest common divisor of 952 and 352899736?
952
Calculate the highest common divisor of 27407664 and 504.
72
What is the highest common factor of 35 and 1169357?
7
Calculate the greatest common factor of 3030660 and 980.
20
Calculate the greatest common divisor of 30381304 and 216.
8
Calculate the highest common factor of 83081463 and 115653.
6087
Calculate the greatest common divisor of 12130971 and 6.
3
What is the greatest common divisor of 1043075 and 300?
25
Calculate the greatest common factor of 7891330 and 70.
10
Calculate the greatest common divisor of 6079 and 1456753323.
6079
Calculate the greatest common factor of 1170058585 and 37.
37
What is the greatest common factor of 347 and 87172993?
347
What is the greatest common divisor of 33348 and 10164?
84
Calculate the greatest common factor of 797 and 227509229.
797
Calculate the highest common factor of 4 and 290260324.
4
What is the greatest common factor of 109326 and 76608?
798
Calculate the greatest common factor of 176237904 and 6816.
3408
Calculate the highest common factor of 1004642 and 4.
2
Calculate the highest common divisor of 1886 and 46988747.
943
What is the greatest common factor of 1890160 and 400?
80
What is the highest common divisor of 7 and 3246348?
7
Calculate the greatest common factor of 2821 and 2134769.
91
Calculate the greatest common factor of 361195 and 3335.
145
What is the highest common factor of 957 and 140812023?
957
What is the highest common factor of 108056 and 130?
26
Calculate the greatest common factor of 14934220 and 54880.
6860
Calculate the greatest common factor of 7412 and 133484.
68
Calculate the highest common divisor of 5067 and 36411.
3
Calculate the highest common factor of 8235481 and 548.
137
Calculate the highest common divisor of 4707135 and 40455.
1305
What is the highest common factor of 8407 and 119342169?
1201
What is the greatest common factor of 11543151 and 5998?
2999
Calculate the greatest common factor of 48 and 55121196.
12
What is the greatest common factor of 42922102 and 1387?
1387
Calculate the highest common factor of 6240 and 6668805.
195
What is the highest common factor of 511 and 5885041?
73
Calculate the highest common divisor of 2301 and 277779021.
2301
Calculate the greatest common factor of 1940946 and 177933.
777
Calculate the highest common divisor of 48901080 and 120.
120
Calculate the greatest common factor of 12991 and 5214115.
1181
What is the highest common factor of 14 and 7723457?
7
Calculate the greatest common divisor of 276 and 5521242.
138
Calculate the highest common divisor of 1881 and 327128472.
1881
What is the highest common factor of 8630 and 3210?
10
What is the greatest common divisor of 206224113 and 16584?
2073
What is the highest common divisor of 2496 and 1798784?
832
What is the highest common divisor of 2680 and 608360?
2680
What is the greatest common divisor of 16320 and 411382320?
4080
Calculate the greatest common divisor of 127 and 58864627.
127
Calculate the greatest common divisor of 178585234 and 62.
62
What is the highest common divisor of 139646 and 786708?
1066
What is the highest common divisor of 654879 and 6?
3
What is the highest common divisor of 5971219 and 103?
103
Calculate the greatest common factor of 4449 and 1629450699.
4449
What is the highest common factor of 10496 and 2295296?
256
Calculate the greatest common divisor of 981353 and 796249.
503
What is the greatest common factor of 43810 and 40621643?
337
What is the greatest common divisor of 25098336 and 81?
81
Calculate the highest common factor of 18461988 and 288.
36
What is the greatest common factor of 8425 and 152293333?
337
What is the greatest common factor of 187275 and 196736133?
7491
Calculate the highest common factor of 12 and 132078972.
12
Calculate the greatest common divisor of 1432239 and 41781.
57
What is the highest common divisor of 79 and 494163328?
79
What is the highest common factor of 422791 and 101109428?
6931
What is the greatest common divisor of 30619 and 477108?
457
What is the highest common divisor of 65424 and 352868433?
4089
Calculate the greatest common divisor of 11541450 and 50.
50
What is the greatest common factor of 294 and 4256784?
42
What is the highest common factor of 219 and 118893?
3
Calculate the highest common divisor of 12060 and 1107845.
335
Calculate the highest common divisor of 807868 and 15012.
556
What is the greatest common divisor of 192235390 and 4010?
4010
Calculate the greatest common factor of 348 and 877118862.
174
Calculate the greatest common divisor of 2 and 187788113.
1
Calculate the greatest common factor of 1508 and 18157828.
1508
Calculate the highest common factor of 24876 and 841116.
12
Calculate the greatest common divisor of 495 and 94057965.
45
What is the greatest common factor of 443680195 and 395?
395
Calculate the greatest common factor of 135 and 6173385.
15
Calculate the greatest common divisor of 1027035972 and 1668.
1668
What is the greatest common divisor of 51784435 and 205?
205
Calculate the greatest common factor of 1044 and 181458.
18
Calculate the highest common factor of 4170 and 558459744.
834
Calculate the greatest common factor of 16372490 and 190.
190
Calculate the highest common divisor of 306342 and 72834.
366
Calculate the highest common factor of 3241 and 60725.
7
What is the greatest common divisor of 263856852 and 634?
634
Calculate the greatest common factor of 33394800 and 9180.
1020
What is the highest common divisor of 372 and 17234388?
372
What is the highest common factor of 119 and 14439256?
17
Calculate the highest common factor of 51 and 359949.
3
Calculate the highest common factor of 2571 and 39751945.
857
Calculate the highest common divisor of 50392 and 68344.
8
Calculate the highest common factor of 5120 and 14920.
40
What is the highest common divisor of 2000089887 and 1214?
607
Calculate the greatest common divisor of 786 and 3269064.
6
Calculate the greatest common factor of 142 and 61204698.
142
What is the highest common divisor of 31424816 and 128?
16
What is the highest common divisor of 78587 and 5150539?
883
What is the greatest common factor of 847 and 4907980?
77
Calculate the greatest common factor of 645 and 7496534.
43
What is the greatest common divisor of 93600 and 295470?
90
Calculate the greatest common divisor of 1146 and 36026611.
191
Calculate the greatest common divisor of 51 and 3722371.
17
What is the greatest common divisor of 951 and 2425362879?
951
Calculate the highest common factor of 127631314 and 268498.
15794
Calculate the highest common divisor of 112751 and 463349.
823
Calculate the highest common factor of 848 and 708784.
16
Calculate the highest common divisor of 6023 and 1396691539.
6023
Calculate the highest common divisor of 135254970 and 4175.
835
Calculate the highest common factor of 2674 and 771274.
14
Calculate the greatest common divisor of 11 and 117831219.
11
Calculate the greatest common divisor of 18299952 and 6534.
594
What is the highest common divisor of 105152 and 530?
106
Calculate the greatest common divisor of 93687 and 389028.
51
Calculate the highest common factor of 44717115 and 405.
15
What is the greatest common factor of 919 and 877416